What is the highest common divisor of 488 and 174620308?
244
What is the highest common factor of 303653 and 5243?
49
What is the highest common factor of 864 and 1038083040?
864
Calculate the highest common divisor of 252908 and 11163689.
2749
Calculate the highest common factor of 140480 and 35856.
16
What is the highest common factor of 31927 and 9637393?
4561
Calculate the greatest common factor of 118 and 59127499.
59
Calculate the highest common factor of 78 and 124966.
2
Calculate the highest common factor of 252419300 and 875.
175
What is the highest common divisor of 4560 and 12707960?
760
Calculate the highest common divisor of 7124345 and 45.
5
What is the highest common factor of 19575 and 389260?
5
What is the highest common divisor of 52 and 173593940?
52
What is the highest common factor of 2688 and 3651396?
84
Calculate the highest common divisor of 8901721 and 901.
53
What is the greatest common divisor of 380609 and 1239?
59
Calculate the highest common divisor of 962548 and 229732.
2908
What is the greatest common divisor of 5172 and 4658248?
1724
What is the highest common divisor of 5429827 and 14984?
1873
What is the highest common factor of 52306 and 26?
2
Calculate the greatest common factor of 27 and 3263301.
27
Calculate the highest common factor of 26898229 and 905.
181
Calculate the greatest common divisor of 43259 and 915609.
239
Calculate the highest common divisor of 35 and 23053030.
35
Calculate the greatest common divisor of 11955 and 188963121.
2391
Calculate the greatest common divisor of 640 and 32288.
32
What is the highest common factor of 47347 and 359083?
419
Calculate the highest common divisor of 3716368 and 3219472.
10352
Calculate the highest common factor of 7098 and 1023750.
546
Calculate the greatest common divisor of 3321256 and 43248.
136
Calculate the highest common divisor of 78529 and 39589.
649
What is the highest common divisor of 9622670 and 90?
10
What is the highest common divisor of 22854384 and 73800?
2952
What is the greatest common divisor of 2628 and 2394473?
73
Calculate the highest common factor of 11114047 and 1113.
371
Calculate the greatest common factor of 26486 and 59794482.
1558
Calculate the highest common factor of 413321571 and 702.
117
What is the greatest common factor of 506 and 939917?
11
Calculate the highest common factor of 238587 and 583503.
201
What is the greatest common factor of 91 and 1639027?
13
Calculate the greatest common divisor of 5083 and 1055171.
299
Calculate the greatest common divisor of 200 and 12683480.
40
What is the greatest common divisor of 63 and 113427?
9
Calculate the greatest common divisor of 8 and 8554792.
8
Calculate the greatest common factor of 152 and 17610284.
4
What is the greatest common factor of 5305020 and 14399?
119
Calculate the greatest common divisor of 52466710 and 720.
10
Calculate the greatest common divisor of 256 and 235765408.
32
Calculate the highest common factor of 150 and 32803815.
15
Calculate the highest common divisor of 3 and 1007989.
1
What is the highest common factor of 158815 and 18975?
115
Calculate the highest common factor of 65394 and 54306.
126
Calculate the greatest common factor of 359080 and 3106615.
955
Calculate the greatest common divisor of 136 and 30430408.
136
Calculate the greatest common divisor of 111135152 and 48.
16
Calculate the highest common factor of 556 and 1878863.
139
What is the greatest common factor of 1462 and 63358898?
34
What is the highest common divisor of 38 and 25288582?
38
Calculate the highest common factor of 1326 and 271887018.
1326
Calculate the highest common factor of 606 and 75386.
2
What is the greatest common divisor of 312833 and 82276?
307
Calculate the greatest common factor of 21595536 and 12.
12
What is the greatest common factor of 136847 and 12175?
487
Calculate the highest common divisor of 359165 and 71052745.
12385
What is the highest common divisor of 26 and 8840806?
26
What is the greatest common divisor of 9923137 and 35?
7
What is the greatest common factor of 13028418 and 1385?
277
What is the greatest common divisor of 241289 and 107767?
101
What is the greatest common divisor of 318460 and 770?
10
Calculate the greatest common factor of 27369 and 19161.
9
What is the highest common divisor of 194904364 and 566?
566
Calculate the highest common divisor of 25 and 19249325.
25
Calculate the greatest common divisor of 519135 and 146916.
159
What is the greatest common divisor of 1884 and 81958239?
471
What is the highest common divisor of 4288 and 799243?
67
Calculate the greatest common factor of 52 and 68463226.
26
What is the highest common divisor of 42 and 160445523?
21
Calculate the highest common factor of 30074 and 19207717.
1367
Calculate the highest common factor of 11385 and 5596107.
759
What is the highest common factor of 32943 and 788547?
417
What is the greatest common divisor of 68564008 and 722?
722
Calculate the greatest common factor of 8131 and 1593629.
47
What is the highest common divisor of 4959157 and 4823?
371
Calculate the highest common divisor of 1226243 and 11153.
587
What is the highest common factor of 79459522 and 302?
302
What is the highest common divisor of 543039 and 1869?
21
What is the greatest common divisor of 1936 and 198256?
16
What is the greatest common factor of 24409 and 76461?
77
Calculate the highest common divisor of 98 and 506336796.
98
Calculate the highest common divisor of 90 and 3083166.
18
What is the greatest common factor of 782256 and 10965?
129
What is the greatest common factor of 12036 and 375204?
12
What is the highest common factor of 53100 and 3363236?
236
What is the highest common divisor of 9496 and 364857686?
2374
What is the greatest common factor of 31654 and 5030725?
2261
What is the highest common divisor of 7482457 and 8504?
1063
Calculate the greatest common divisor of 153444 and 25097516.
2692
Calculate the greatest common factor of 1690000 and 39125.
125
Calculate the greatest common divisor of 15440 and 410560.
80
What is the greatest common factor of 2595 and 557543535?
2595
Calculate the highest common divisor of 41283 and 2172357.
99
Calculate the greatest common divisor of 72734085 and 135.
135
What is the greatest common factor of 142255 and 1345?
5
What is the greatest common divisor of 220 and 3105685?
55
Calculate the greatest common divisor of 245135700 and 10432.
652
What is the greatest common factor of 7 and 116057823?
7
What is the greatest common divisor of 5272900 and 100?
100
Calculate the highest common divisor of 76133 and 620635.
19
Calculate the highest common factor of 4337 and 5743.
1
What is the greatest common factor of 475 and 31780475?
25
What is the greatest common divisor of 2013308 and 4972?
44
What is the highest common divisor of 1142019 and 26151?
69
What is the greatest common factor of 124 and 4828250?
62
What is the highest common divisor of 3810 and 71413878?
762
What is the greatest common factor of 6864648 and 27405?
609
Calculate the highest common factor of 609 and 6162645.
87
Calculate the greatest common factor of 134 and 2085292188.
134
Calculate the greatest common divisor of 1531956915 and 4644.
1161
Calculate the highest common factor of 123769928 and 6167.
881
Calculate the highest common divisor of 7464625 and 25935.
665
Calculate the greatest common factor of 1386 and 47490.
6
Calculate the greatest common factor of 9545 and 34155.
115
What is the highest common divisor of 3294 and 343338?
6
Calculate the greatest common factor of 56548897 and 1303.
1303
What is the highest common factor of 29 and 4934444279?
29
What is the highest common divisor of 2438922 and 2754?
102
What is the highest common divisor of 24 and 15507396?
12
Calculate the greatest common factor of 95696 and 272.
16
What is the greatest common divisor of 85 and 25017115?
85
What is the greatest common factor of 2780838 and 54?
54
Calculate the greatest common divisor of 597109 and 52481.
367
Calculate the greatest common divisor of 19792343 and 1158.
193
Calculate the greatest common factor of 70472297 and 7.
7
Calculate the greatest common divisor of 10705 and 66069119.
2141
What is the highest common factor of 394078713 and 21?
21
Calculate the gre